366*d + 16133, -2*d - 2*l + 6452 = 0. What are the prime factors of d?
7, 461
Suppose 18*d - 52 = 22*d. Let a(b) = -b - 13. Let y be a(d). Suppose -4*l - 8 = 0, y*j - 3*j = 5*l - 29. What are the prime factors of j?
13
Let g = 1055 + 3101. List the prime factors of g.
2, 1039
Let f(s) = -s**3 + 3*s**2 - s + 6. Let t be f(4). Let a be (-8)/(-6)*21/t. List the prime factors of a/2 - (-71 + 5).
5, 13
Let u = 355 + -138. Suppose -c - u = -t, -19*c + 16*c = 2*t - 429. What are the prime factors of t?
2, 3
Suppose -4*t + 3*t - 13 = -p, -t = 2*p - 11. Suppose 0 = 2*n + p, b - 6*b + 46 = -4*n. Let d(f) = 23*f + 9. What are the prime factors of d(b)?
3, 7
Let u(f) = 25*f + 5. Let s be u(3). What are the prime factors of ((-90)/(-10))/(243/s - 3)?
2, 3, 5
Suppose -6*k - 3 = -21. Suppose -5*l + k*l + 648 = 0. Let q = l + -163. List the prime factors of q.
7, 23
Suppose -74 = -4*s - 50. Let a(p) = 62*p - 78. What are the prime factors of a(s)?
2, 3, 7
Suppose -21793 = 18*z - 52429. Let o = -1124 + z. List the prime factors of o.
2, 17
Suppose -5287*a = -5300*a + 93015. List the prime factors of a.
3, 5, 53
Suppose 305368 = 7*z + 157*z. What are the prime factors of z?
2, 7, 19
Let t be (1*8 - 2)*19/19. Let y be ((-922)/t - -1)/((-8)/(-12)). Let v = y + 427. List the prime factors of v.
2, 3, 11
Suppose 2*g - 5*d = 65, 17*d = 16*d - 1. List the prime factors of -4 - ((-165120)/225 - 4/g).
2, 5, 73
Suppose 8*i - 61 = 4*q + 7*i, -39 = q - 5*i. Let a be 2/14 + (-40)/q. Suppose 58 + 62 = a*f. What are the prime factors of f?
2, 5
Suppose -3*l - 4*g = -45 - 0, l + 5*g = 26. Suppose -6270 = -16*b + l*b. List the prime factors of b.
2, 3, 11, 19
Suppose d = 3*v - 2*d - 153, 2*v - 3*d - 103 = 0. List the prime factors of ((-10)/v)/((-3)/22065).
1471
Suppose -39*i + 394905 + 226443 = 0. What are the prime factors of i?
2, 7, 569
Suppose -3*i = 2*i + 5*u - 10, 5*i - 5*u = -40. Suppose 19*v = 13*v + 132. What are the prime factors of i + v/2 + -1?
7
Let m be (90/(-105))/((-2)/35). Suppose 3*k - 222 = -2*a, 0 = 5*a + m*k - 12*k - 564. List the prime factors of a.
2, 3, 19
Let v(k) = 7*k - 20. Let q(j) = 2*j + 1. Let p(l) = 5*q(l) - v(l). Let i be p(-8). List the prime factors of (120/72)/(i/21).
5, 7
Let s = 2244 - 3510. List the prime factors of (-1)/(-2) + s/(-12).
2, 53
Let t(c) = 12*c**3 + 6*c**2 + c + 3. Let a be t(5). Let j = a - 1144. List the prime factors of j.
2, 257
Suppose -583*m + 574*m = -103464. List the prime factors of m.
2, 3, 479
Let r(w) = 2*w - 7*w + 2*w + 5*w - 1. Let p be r(18). Suppose -444 = 31*a - p*a. List the prime factors of a.
3, 37
Suppose -91*v + 115*v = 1152. Suppose 44*y = v*y - 3584. List the prime factors of y.
2, 7
List the prime factors of 985926/26 + 87/(-377).
2, 3, 5, 79
Let x be -48425 - ((-10)/(-2))/(2/(-2)). What are the prime factors of x/(-110) - 2/11?
2, 5, 11
List the prime factors of 71048/(-321)*(-81)/2.
2, 3, 83
Suppose -42*j - 33976 = -v - 46*j, 2*v = 3*j + 67996. What are the prime factors of v?
2, 7, 607
Suppose -128*b + 124*b - 36 = -f, -2*b = f - 6. Let p(o) = -o**3 + 17*o**2 + 22*o - 17. What are the prime factors of p(f)?
3, 197
Suppose -4*p + 92*x + 52104 = 97*x, -2*x - 39055 = -3*p. List the prime factors of p.
29, 449
Suppose -m - u = -5*m + 1665, 3*u + 3 = 0. Let j = m - 320. What are the prime factors of j?
2, 3
Let f(w) = -6*w - 55. Suppose 3 = 3*i + 33. Let t be f(i). Suppose 2*u = a - 36, t*u = a - 33 - 12. What are the prime factors of a?
2, 3, 5
Suppose -232 + 1810 = 6*r. Let p(u) = -13*u + 2. Let l be p(13). Let x = r + l. What are the prime factors of x?
2, 3
Suppose 5*f - 24 = -3*f. Suppose -2*s = 6, -3*c - 38 = -f*s - 209. Suppose m - k = 15, 5*m - 21 = 4*k + c. List the prime factors of m.
3, 5
Let v be (102/(-4))/((-1)/84). Suppose 0*y - v = -3*y. Suppose 7*w - w - y = 0. What are the prime factors of w?
7, 17
Suppose 5 = x + 2. Suppose x*b - 42 = 6. Suppose -15*h + b*h = 129. List the prime factors of h.
3, 43
Suppose 0 = p + 3*p, -5*r - 3*p = -20. List the prime factors of (-3)/(-4) + 2237/r.
2, 5, 7
Let l be (408/20)/2*(52 - -3). Let y = -165 + l. What are the prime factors of y?
2, 3, 11
Let s be 1 + 2 - (-3 - -4). Suppose -v + 4*v = 0. Suppose -2*u - 5*b + 160 = v, -3*u + s*u = -b - 94. What are the prime factors of u?
2, 3, 5
Suppose -9742 = -2*j + 5*t - t, -t + 9767 = 2*j. List the prime factors of j.
3, 1627
Let p be (-2)/5 - 297/(-55). Suppose -o + 355 = 3*a - p*a, -3*a = -5*o + 1761. List the prime factors of o.
3, 13
Suppose f - 3*b + 1468 = 0, -2*f + 4*b + 110 = 3038. Let d = -995 - f. List the prime factors of d.
461
Let q = -3730 + 23799. List the prime factors of q.
7, 47, 61
Suppose -d - h + 234 = 0, -2*d + 3*h + 468 = 2*h. Let n = d + -62. List the prime factors of n.
2, 43
Suppose -11338 + 2836 - 19050 = -12*m. What are the prime factors of m?
2, 7, 41
Suppose -286 = 7*l - 2085. Let m = l - 113. List the prime factors of m.
2, 3
Let t = 6357 - 2996. What are the prime factors of t?
3361
Let h(v) = -28949*v - 2683. What are the prime factors of h(-2)?
3, 5, 409
Let c be 1*(6 - -268 - 3). Suppose -c = -5*u + 139. What are the prime factors of u?
2, 41
Let v be (-5 + 14/(-10))/((-2)/(-1055)). What are the prime factors of (10 - 1)*v/(-48)?
3, 211
Let m(v) = -v - 5. Suppose 3*g + 49 = -4*g. Let k be m(g). Suppose -i + 2*x = -83, 0*x - k*x + 4 = 0. What are the prime factors of i?
3, 29
Suppose -2889 = -k + 103*x - 106*x, 5*k + x = 14389. List the prime factors of k.
3, 7, 137
Suppose -30*u + 331128 = -47*u + 41*u. What are the prime factors of u?
3, 7, 73
Suppose -14*k + 5403 = -9*k + 2*h, -4*h = 5*k - 5401. What are the prime factors of k?
23, 47
Suppose p = 3*r - 8*r + 18833, 2*p + 5*r = 37636. List the prime factors of p.
18803
Suppose 19273 + 7953 = 5*o + v, -o + v + 5450 = 0. What are the prime factors of o?
2, 7, 389
Let b(z) = -4*z**3 + 6*z**2 - 2*z + 23. What are the prime factors of b(-13)?
9851
Suppose l = -4*q + 20999, 2*q + 4*l = -l + 10495. Suppose 4*f = 5*z - 5250, 5*z - 10*z = -5*f - q. List the prime factors of z.
2, 3, 5, 7
Suppose -4*p + 34554 + 34394 = 3*o, 17232 = p + 2*o. List the prime factors of p.
2, 5, 431
Let u(r) = 2*r**2 + 1. Let g(i) = 22*i**2 + 32*i + 33. Let y(h) = g(h) - 6*u(h). What are the prime factors of y(10)?
3, 449
Suppose -3*v - 246508 = -11*a, 0 = 15*a - 16*a - v + 22406. What are the prime factors of a?
22409
Suppose -2*s = 4, -3*f = -6*f + 4*s - 283. Let m = 532 + f. List the prime factors of m.
3, 5, 29
Suppose r - 43 = -3*h - h, 0 = 3*h + 4*r - 16. Let l(p) = 34*p**2 + 34*p**2 + h + p**3 - 67*p**2 - 11*p. List the prime factors of l(5).
107
Suppose -1150*v + 1036518 = -1092*v. List the prime factors of v.
3, 7, 23, 37
Suppose 2*m + 14*z - 12 = 9*z, 4*m - 2 = z. What are the prime factors of (1700/(-8) - m)/(1/(-2))?
7, 61
Let z = 22 - 23. Let o be 1 + (6*z)/(-3). Suppose -o*x + 5*t = -2*x - 134, 4*t = 2*x - 250. What are the prime factors of x?
7, 17
Let r(h) = 4*h + 69. Let y be r(30). Let m = 763 - y. List the prime factors of m.
2, 7, 41
Suppose -27*h + 148645 = -6*h - 242606. What are the prime factors of h?
31, 601
Suppose 3*f - 10 = f. Let x be (-5560)/(-25) + (2/f)/(-1). Let n = -119 + x. List the prime factors of n.
103
Let n(g) = -4*g**3 - 53*g**2 + 29*g + 309. What are the prime factors of n(-22)?
3, 7, 113
Suppose -g - 5*j + 7 + 18 = 0, -5*g + 3*j - 15 = 0. Let v(h) = h**2 + 2*h + 255. Let s be v(g). Suppose -256*c = -s*c - 112. What are the prime factors of c?
2, 7
Let f be (6/9)/(4/9024*-4). Let b = f - -1350. What are the prime factors of b?
2, 487
Let b(r) = 5*r**2 + 634*r - 8. List the prime factors of b(12).
2, 5, 13
Let z(i) = i**3 + i**2 - 14*i - 4. Let m(h) = h**2 + 3*h - 4. Let u be m(-2). Let o be z(u). List the prime factors of (-32)/(-3)*(-5)/(o/195).
2, 13
List the prime factors of (-478953)/146*(10/(-3) - 0).
3, 5
What are the prime factors of 9940/3 + 112/42?
2, 829
Suppose -48 = -4*g + 2*b - 308, 5*g - 4*b = -331. List the prime factors of (6 - g/(-27))*189.
3, 7, 11
Let c(r) = 10*r - 45. Let p be -1*(5 + -1*20). Let x be c(p). Suppose -x*l + 100*l + 600 = 0. What are the prime factors of l?
2, 3, 5
Let z(q) = -2*q - 30. Let o be 2/(-8) + (-536)/32. Let m be z(o). Suppose 0 = -m*g - 4*r + 688, 3*g - 643 =